{"id":93,"date":"2025-06-16T20:40:41","date_gmt":"2025-06-16T20:40:41","guid":{"rendered":"https:\/\/docpoint.fi\/?page_id=93"},"modified":"2025-12-09T16:28:54","modified_gmt":"2025-12-09T14:28:54","slug":"docpoint-festivaali","status":"publish","type":"page","link":"https:\/\/www.docpoint.ee\/test\/toiminta\/docpoint-festivaali\/","title":{"rendered":"Meist\u00e4"},"content":{"rendered":"<div id='full_slider_1'  class='avia-fullwidth-slider main_color avia-shadow   avia-builder-el-0  el_before_av_textblock  avia-builder-el-first   container_wrap sidebar_right'  ><div  class='avia-slideshow av-mf3zu42p-e09991f7bbde5e17f6d827ff121ad4e7 avia-slideshow-featured av_slideshow_full avia-slide-slider av-slideshow-ui av-control-default av-slideshow-manual av-loop-once av-loop-manual-endless av-default-height-applied   avia-slideshow-1' data-slideshow-options=\"{&quot;animation&quot;:&quot;slide&quot;,&quot;autoplay&quot;:false,&quot;loop_autoplay&quot;:&quot;once&quot;,&quot;interval&quot;:5,&quot;loop_manual&quot;:&quot;manual-endless&quot;,&quot;autoplay_stopper&quot;:false,&quot;noNavigation&quot;:false,&quot;bg_slider&quot;:false,&quot;keep_padding&quot;:false,&quot;hoverpause&quot;:false,&quot;show_slide_delay&quot;:0}\"  itemprop=\"image\" itemscope=\"itemscope\" itemtype=\"https:\/\/schema.org\/ImageObject\" ><ul class='avia-slideshow-inner ' style='padding-bottom: 28.6666666667%;'><li  class='avia-slideshow-slide av-mf3zu42p-e09991f7bbde5e17f6d827ff121ad4e7__0  av-single-slide slide-1 slide-odd'><div data-rel='slideshow-1' class='avia-slide-wrap '   ><img decoding=\"async\" fetchpriority=\"high\" class=\"wp-image-1325 avia-img-lazy-loading-not-1325\"  src=\"https:\/\/www.docpoint.ee\/test\/wp-content\/uploads\/2025\/11\/DocPoint_festivaalikuva-1500x430.jpg\" width=\"1500\" height=\"430\" title='2024.02.02 The Last Year Of Darkness, Kinopalatsi 10' alt=''  itemprop=\"thumbnailUrl\"   \/><\/div><\/li><\/ul><\/div><\/div><div id='after_full_slider_1'  class='main_color av_default_container_wrap container_wrap sidebar_right'  ><div class='container av-section-cont-open' ><div class='template-page content  av-content-small alpha units'><div class='post-entry post-entry-type-page post-entry-93'><div class='entry-content-wrapper clearfix'>\n<section  class='av_textblock_section av-mig2ou5n-c0bf463973c25ae3f08e39e480e11c5b '   itemscope=\"itemscope\" itemtype=\"https:\/\/schema.org\/CreativeWork\" ><div class='avia_textblock'  itemprop=\"text\" ><h1>Meist\u00e4<\/h1>\n<p><span style=\"font-weight: 400;\">DocPoint \u2013 Helsingin dokumenttielokuvafestivaali j\u00e4rjestet\u00e4\u00e4n joka vuosi tammi-helmikuun vaihteessa. Seuraava festivaali j\u00e4rjestet\u00e4\u00e4n 3.\u20138. helmikuuta 2026.<\/span><\/p>\n<p><span style=\"font-weight: 400;\">DocPoint, Suomen suurin dokumenttielokuvaan keskittyv\u00e4 elokuvafestivaali, tuo Helsingin valkokankaille kerran vuodessa noin sata maailman ja Suomen kiinnostavinta ja koskettavinta ajankohtaista dokumenttielokuvaa.<\/span><\/p>\n<p>Festivaalia j\u00e4rjest\u00e4\u00e4 Docpoint-elokuvatapahtumat ry, vuonna 2001 perustettu aatteellinen yhdistys. Sen tavoitteena on vahvistaa, syvent\u00e4\u00e4 ja monipuolistaa dokumenttielokuvan asemaa ja sen tuntemusta Suomessa.<\/p>\n<p>DocPoint-elokuvatapahtumat ry:n j\u00e4rjest\u00e4mi\u00e4 tapahtumia ovat my\u00f6s DOKKINO \u2013 Lasten ja nuorten dokumenttielokuvatapahtuma sek\u00e4 DocPoint IMPACT -dokumenttielokuvan vaikuttavuustuottamisen tapahtumakokonaisuus. IMPACT kokonaisuus on tauolla vuonna 2026.<\/p>\n<\/div><\/section>\n<div  class='togglecontainer av-mig2ma0p-3c4b975527bbc0546bc8e6349addb6e4  avia-builder-el-2  el_after_av_textblock  avia-builder-el-last  toggle_close_all' >\n<section class='av_toggle_section av-mig2jf15-878e8fab10c94e0e57e3279b3eb07417'  itemscope=\"itemscope\" itemtype=\"https:\/\/schema.org\/CreativeWork\" ><div role=\"tablist\" class=\"single_toggle\" data-tags=\"{All} \"  ><p id='toggle-toggle-id-1' data-fake-id='#toggle-id-1' class='toggler  av-title-above '  itemprop=\"headline\"  role='tab' tabindex='0' aria-controls='toggle-id-1' data-slide-speed=\"200\" data-title=\"DocPoint-festivaali\" data-title-open=\"\" data-aria_collapsed=\"Click to expand: DocPoint-festivaali\" data-aria_expanded=\"Click to collapse: DocPoint-festivaali\">DocPoint-festivaali<span class=\"toggle_icon\"><span class=\"vert_icon\"><\/span><span class=\"hor_icon\"><\/span><\/span><\/p><div id='toggle-id-1' aria-labelledby='toggle-toggle-id-1' role='region' class='toggle_wrap  av-title-above'  ><div class='toggle_content invers-color '  itemprop=\"text\" ><p><strong>DocPoint-festivaali<\/strong><\/p>\n<p>DocPoint \u2013 Helsingin dokumenttielokuvafestivaali j\u00e4rjestet\u00e4\u00e4n kerran vuodessa. 25. DocPoint \u2013 Helsingin dokumenttielokuvafestivaalifestivaali j\u00e4rjestet\u00e4\u00e4n 3.\u20138. helmikuuta 2026.<\/p>\n<p>DocPointin kansainv\u00e4lisen esityssarjan elokuvat ovat p\u00e4\u00e4s\u00e4\u00e4nt\u00f6isesti Suomen ensi-iltoja. Ne kattavat uusimman ja merkitt\u00e4vimm\u00e4n dokumenttielokuvatarjonnan festivaalihiteist\u00e4 kokeileviin pieniin helmiin.<\/p>\n<p>DocPoint haluaa elokuvavalikoimallaan laajentaa yleis\u00f6ns\u00e4 ymm\u00e4rryst\u00e4 siit\u00e4, mit\u00e4 maailmassa tapahtuu, mit\u00e4 muualla ajatellaan, miten ihmiskunta ja ymp\u00e4rist\u00f6 voivat \u2013\u00a0 ja miten monella tapaa maailmaa voi kommentoida ja tarkastella dokumenttielokuvan keinoin.<\/p>\n<p>DocPointin elokuvien valinnasta vastaa ohjelmajohtaja Inka Acht\u00e9.<\/p>\n<p>DocPoint tukee tasa-arvoa, moninaisuutta ja pyrkii kehittym\u00e4\u00e4n ekologisesti kest\u00e4v\u00e4mm\u00e4ksi festivaaliksi. DocPoint haluaa her\u00e4tt\u00e4\u00e4 ajatuksia, synnytt\u00e4\u00e4 keskustelua sek\u00e4 luoda yhteis\u00f6llisyytt\u00e4. Siksi festivaali tarjoaa joka vuosi elokuvan\u00e4yt\u00f6sten lis\u00e4ksi keskusteluita, seminaareja, industry-tilaisuuksia ja klubeja. DocPoint-festivaalin j\u00e4rjest\u00e4\u00e4 DocPoint-elokuvatapahtumat ry.<\/p>\n<\/div><\/div><\/div><\/section>\n<section class='av_toggle_section av-mig2ju4w-ac3764f2b384e1393cb7c8fc09956187'  itemscope=\"itemscope\" itemtype=\"https:\/\/schema.org\/CreativeWork\" ><div role=\"tablist\" class=\"single_toggle\" data-tags=\"{All} \"  ><p id='toggle-toggle-id-2' data-fake-id='#toggle-id-2' class='toggler  av-title-above '  itemprop=\"headline\"  role='tab' tabindex='0' aria-controls='toggle-id-2' data-slide-speed=\"200\" data-title=\"Historia\" data-title-open=\"\" data-aria_collapsed=\"Click to expand: Historia\" data-aria_expanded=\"Click to collapse: Historia\">Historia<span class=\"toggle_icon\"><span class=\"vert_icon\"><\/span><span class=\"hor_icon\"><\/span><\/span><\/p><div id='toggle-id-2' aria-labelledby='toggle-toggle-id-2' role='region' class='toggle_wrap  av-title-above'  ><div class='toggle_content invers-color '  itemprop=\"text\" ><p><strong>Historia<\/strong><\/p>\n<p>Ensimm\u00e4inen DocPoint \u2013 Helsingin dokumenttielokuvafestivaali j\u00e4rjestettiin vuonna 2002. Festivaali syntyi suomalaisten dokumenttialan vaikuttajien tahdosta vahvistaa dokumenttielokuvan asemaa. Festivaali on historiansa aikana saavuttanut vankan jalansijan elokuvafestivaalien joukossa ja onkin yksi Euroopan merkitt\u00e4vimmist\u00e4 vain dokumenttielokuvaan keskittyvist\u00e4 dokumenttielokuvafestivaaleista. DocPoint juhlii 25. vuotis syntym\u00e4p\u00e4ivi\u00e4\u00e4n vuonna 2026.<\/p>\n<p>Festivaalin k\u00e4vij\u00e4m\u00e4\u00e4r\u00e4t ovat kasvaneet ensimm\u00e4isen vuoden 6000 k\u00e4vij\u00e4st\u00e4 vuonna 2020 noin 30 000 k\u00e4vij\u00e4\u00e4n. Elokuvien m\u00e4\u00e4r\u00e4 on liikkunut vuosittain 100-170 elokuvan v\u00e4lill\u00e4.<\/p>\n<p>DocPointin Kotimainen esityssarja on suomalaisen dokumenttielokuvan paraatipaikka, joka koostuu tuoreista DocPointissa ensi-iltansa saavista dokumenttielokuvista, joiden p\u00e4\u00e4tuotantomaa on Suomi. Opiskelijat\u00f6it\u00e4 esittelev\u00e4 Uusin silmin \u2013oppilasty\u00f6sarja tuo valkokankaille tuoreimmat opiskelijaty\u00f6t kotimaisista oppilaitoksista.<\/p>\n<p>Festivaali tuo vuosittain Helsinkiin alan kansainv\u00e4lisi\u00e4 ammattilaisia. DocPoint on Suomen ainoa vain dokumenttielokuvaan keskittyv\u00e4 festivaali. Se tarjoaa yleis\u00f6lle mahdollisuuden p\u00e4\u00e4st\u00e4 katsomaan laajan valikoiman maailman laadukkainta pitk\u00e4\u00e4 dokumenttielokuvaa.<\/p>\n<p>DocPoint \u2013 Helsingin dokumenttielokuvafestivaali palkittiin elokuvataiteen valtionpalkinnolla 2024.<\/p>\n<\/div><\/div><\/div><\/section>\n<section class='av_toggle_section av-mig2kxgo-dcb457f7bd84dc31e63953380a9ae617'  itemscope=\"itemscope\" itemtype=\"https:\/\/schema.org\/CreativeWork\" ><div role=\"tablist\" class=\"single_toggle\" data-tags=\"{All} \"  ><p id='toggle-toggle-id-3' data-fake-id='#toggle-id-3' class='toggler  av-title-above '  itemprop=\"headline\"  role='tab' tabindex='0' aria-controls='toggle-id-3' data-slide-speed=\"200\" data-title=\"DOKKINO\" data-title-open=\"\" data-aria_collapsed=\"Click to expand: DOKKINO\" data-aria_expanded=\"Click to collapse: DOKKINO\">DOKKINO<span class=\"toggle_icon\"><span class=\"vert_icon\"><\/span><span class=\"hor_icon\"><\/span><\/span><\/p><div id='toggle-id-3' aria-labelledby='toggle-toggle-id-3' role='region' class='toggle_wrap  av-title-above'  ><div class='toggle_content invers-color '  itemprop=\"text\" ><p><strong>DOKKINO \u2013 Lasten ja nuorten dokumenttielokuvatapahtuma<\/strong><\/p>\n<p>DOKKINO on valtakunnallinen, DocPoint-elokuvatapahtumat ry:n j\u00e4rjest\u00e4m\u00e4 lasten ja nuorten dokumenttielokuva- ja mediakasvatuskiertue, sek\u00e4 oppimateriaaliaineisto. Yli 20 paikkakunnalla vuosittain vieraileva kiertue tutustuttaa alle 16-vuotiaat katsojat luovan dokumenttielokuvan maailmaan ja ohjaa ymm\u00e4rt\u00e4m\u00e4\u00e4n dokumentaarista kerrontaa niin elokuvassa, uutisissa kuin sosiaalisen median kuvallisissa esityksiss\u00e4kin. DOKKINO-tuotantokokonaisuus sis\u00e4lt\u00e4\u00e4 dokumenttielokuvan\u00e4yt\u00f6kset ala- ja yl\u00e4koululaisille, elokuviin liittyv\u00e4t oppimismateriaalit mobiilioppimisymp\u00e4rist\u00f6ss\u00e4 sek\u00e4 erikseen tilattavia ammattilaisten dokumenttielokuvaverstaita koululaisille. Noin 20 000 osallistujaa vuosittain saavuttava DOKKINO-kiertue on Euroopan laajin valtakunnallinen lasten ja nuorten elokuvakiertue. Vuonna 2016 DOKKINOlle my\u00f6nnettiin lastenkulttuurin valtionpalkinto.<\/p>\n<p>Elokuvissa k\u00e4ynnin kokemus on osa DOKKINO-kiertueen tavoitteita ja siksi n\u00e4yt\u00f6kset j\u00e4rjestet\u00e4\u00e4n aina elokuvateattereissa. N\u00e4yt\u00f6ksiin kutsutaan kaikki kiertueen paikkakunnan 4.-9. \u2013luokkalaiset. Kiertueohjelmaan kuuluu erikokoisia paikkakuntia, jotka kattavat koko maan. Kiertue t\u00e4ydent\u00e4\u00e4 usealla paikkakunnalla lasten ja nuorten elokuvakulttuurin tarjontaa. DOKKINO on saanut alkunsa vuonna 2002 DocPoint \u2013 Helsingin dokumenttielokuvafestivaalin lapsille ja nuorille suunnattuna dokumenttielokuvaohjelmistona. Seuraavana vuonna lasten ja nuorten elokuvat saivat oman esityssarjansa ja vuonna 2005 toiminnan laajennuttua lasten ja nuorten sarja nimettiin DOKKINO \u2013 lasten ja nuorten dokumenttielokuvatapahtumaksi.<\/p>\n<p>Valtakunnallinen ja ymp\u00e4rivuotinen DOKKINO-kiertuetoiminta on toistaiseksi tauolla.<\/p>\n<\/div><\/div><\/div><\/section>\n<section class='av_toggle_section av-mig2lhd7-f385c021849de4f51059757e314acedf'  itemscope=\"itemscope\" itemtype=\"https:\/\/schema.org\/CreativeWork\" ><div role=\"tablist\" class=\"single_toggle\" data-tags=\"{All} \"  ><p id='toggle-toggle-id-4' data-fake-id='#toggle-id-4' class='toggler  av-title-above '  itemprop=\"headline\"  role='tab' tabindex='0' aria-controls='toggle-id-4' data-slide-speed=\"200\" data-title=\"DocPoint IMPACT\" data-title-open=\"DocPoint IMPACT\" data-aria_collapsed=\"Click to expand: DocPoint IMPACT\" data-aria_expanded=\"Click to collapse: DocPoint IMPACT\">DocPoint IMPACT<span class=\"toggle_icon\"><span class=\"vert_icon\"><\/span><span class=\"hor_icon\"><\/span><\/span><\/p><div id='toggle-id-4' aria-labelledby='toggle-toggle-id-4' role='region' class='toggle_wrap  av-title-above'  ><div class='toggle_content invers-color '  itemprop=\"text\" ><p><strong>DocPoint IMPACT<\/strong><\/p>\n<p>Vaikuttavuus ja vaikuttavuusty\u00f6 on etuk\u00e4teen sovitun tekemisen ansiosta aikaansaatua positiivista muutosta hyvinvoinnissa, ymp\u00e4rist\u00f6ss\u00e4 ja yhteiskunnassa. Muutoksen taustalla on toiminnan ja ymp\u00e4rist\u00f6n havainnointi uteliaasti ja ennakkoluulottomasti. Millainen on se yhteis\u00f6, jossa el\u00e4mme? Millaisten muutosten avulla se voisi olla parempi tulevaisuudessa?<\/p>\n<p>Me uskomme, ett\u00e4 yhteis\u00f6jen, yksil\u00f6iden ja julkishallinnon toimiessa yhdess\u00e4 vaikuttavuus-ilmi\u00f6st\u00e4 tulee totta. DocPoint IMPACT on mukana vahvistamassa pohjoismaisten dokumenttielokuvantekij\u00f6iden, yritysvastuuta kantavien organisaatioiden, tiedeyhteis\u00f6jen, tukijoiden, median edustajien, p\u00e4\u00e4tt\u00e4jien ja aktiivisten kansalaisten mahdollisuuksia tarttua yhdess\u00e4 t\u00e4rkeisiin yhteiskunnallisiin ja globaaleihin haasteisiin. Lis\u00e4\u00e4m\u00e4ll\u00e4 yhteis\u00f6llisyytt\u00e4, osallistumista ja yhteis\u00f6llisyytt\u00e4 tulevaisuuden haasteet ovat ratkaistavissa.<\/p>\n<p>DocPoint IMPACTin idea on yhdist\u00e4\u00e4 Suomesta ja muualta Pohjoismaista yhteiskunnallisia ja yhteis\u00f6llisi\u00e4 dokumenttielokuvahankkeita ja yhteiskunnan eri toimijoita, tavoitteena kansalaisyhteiskunnan vahvistaminen ja erilaisten toimijoiden v\u00e4lisen yhteisty\u00f6n mahdollistaminen sosiaalisen ja ymp\u00e4rist\u00f6n hyvinvoinnin lis\u00e4\u00e4miseksi.\u00a0 Hankkeessa tarjotaan koulutusta elokuvantekij\u00f6ille sek\u00e4 luodaan vahva ja koko elokuvatoimialaa kehitt\u00e4v\u00e4 yhteisty\u00f6verkosto.\u00a0 IMPACTiin valittavat dokumenttielokuvahankkeet nostavat esiin pohjoismaisten yhteiskuntien kannalta keskeisi\u00e4 teemoja. Organisaatioverkoston kehitt\u00e4misess\u00e4 painotetaan toimijoita, joilla on toiminnassa yhteiskunnallisen yritt\u00e4jyyden agenda ja omat vahvat verkostonsa Suomessa ja my\u00f6s muualla Pohjoismaissa.<\/p>\n<p>DocPoint IMPACT on vuonna 2026 tauolla.<\/p>\n<\/div><\/div><\/div><\/section>\n<section class='av_toggle_section av-mig2lyk8-0c7d5ff72eea2d9e30d3761623416a2b'  itemscope=\"itemscope\" itemtype=\"https:\/\/schema.org\/CreativeWork\" ><div role=\"tablist\" class=\"single_toggle\" data-tags=\"{All} \"  ><p id='toggle-toggle-id-5' data-fake-id='#toggle-id-5' class='toggler  av-title-above '  itemprop=\"headline\"  role='tab' tabindex='0' aria-controls='toggle-id-5' data-slide-speed=\"200\" data-title=\"Doc Lounge Helsinki\" data-title-open=\"\" data-aria_collapsed=\"Click to expand: Doc Lounge Helsinki\" data-aria_expanded=\"Click to collapse: Doc Lounge Helsinki\">Doc Lounge Helsinki<span class=\"toggle_icon\"><span class=\"vert_icon\"><\/span><span class=\"hor_icon\"><\/span><\/span><\/p><div id='toggle-id-5' aria-labelledby='toggle-toggle-id-5' role='region' class='toggle_wrap  av-title-above'  ><div class='toggle_content invers-color '  itemprop=\"text\" ><p><strong>Doc Lounge Helsinki<\/strong> (2015\u20142020)<\/p>\n<p>DocPoint-elokuvatapahtumat ry:n j\u00e4rjesti Doc Lounge Helsinki -klubeja vuosina 2015-2020.<\/p>\n<p>Doc Lounge Helsinki on pohjoismaiseen Doc Lounge -verkostoon kuuluva dokumenttielokuvaklubi, jonka illan ohjelmaan kuuluu aina esimerkiksi keskusteluja, asiantuntija- sek\u00e4 ohjaajavieraita tai musiikkia tuoreen ja ajankohtaisen dokumenttielokuvan lis\u00e4ksi. Doc Lounge -klubit ovat el\u00e4vi\u00e4 kohtauspaikkoja kaikille, jotka pit\u00e4v\u00e4t dokumenttielokuvasta, hyv\u00e4st\u00e4 tunnelmasta, baarihengailusta, musiikista ja j\u00e4nnitt\u00e4vist\u00e4 keskusteluista. DocPointille klubit tarjoavat my\u00f6s ymp\u00e4rivuotisen kanavan uusimpien dokumenttielokuvien esitt\u00e4miseen sek\u00e4 Suomesta, ett\u00e4 ulkomailta.<\/p>\n<p>Doc Lounge Helsinki -klubi siirtyi DocPoint-elokuvatapahtumat ry:n tuottamaksi vuonna 2015.<\/p>\n<\/div><\/div><\/div><\/section>\n<\/div>\n","protected":false},"excerpt":{"rendered":"","protected":false},"author":3,"featured_media":0,"parent":45,"menu_order":2,"comment_status":"closed","ping_status":"closed","template":"","meta":{"_acf_changed":false,"footnotes":""},"class_list":["post-93","page","type-page","status-publish","hentry"],"acf":[],"_links":{"self":[{"href":"https:\/\/www.docpoint.ee\/test\/wp-json\/wp\/v2\/pages\/93","targetHints":{"allow":["GET"]}}],"collection":[{"href":"https:\/\/www.docpoint.ee\/test\/wp-json\/wp\/v2\/pages"}],"about":[{"href":"https:\/\/www.docpoint.ee\/test\/wp-json\/wp\/v2\/types\/page"}],"author":[{"embeddable":true,"href":"https:\/\/www.docpoint.ee\/test\/wp-json\/wp\/v2\/users\/3"}],"replies":[{"embeddable":true,"href":"https:\/\/www.docpoint.ee\/test\/wp-json\/wp\/v2\/comments?post=93"}],"version-history":[{"count":5,"href":"https:\/\/www.docpoint.ee\/test\/wp-json\/wp\/v2\/pages\/93\/revisions"}],"predecessor-version":[{"id":1917,"href":"https:\/\/www.docpoint.ee\/test\/wp-json\/wp\/v2\/pages\/93\/revisions\/1917"}],"up":[{"embeddable":true,"href":"https:\/\/www.docpoint.ee\/test\/wp-json\/wp\/v2\/pages\/45"}],"wp:attachment":[{"href":"https:\/\/www.docpoint.ee\/test\/wp-json\/wp\/v2\/media?parent=93"}],"curies":[{"name":"wp","href":"https:\/\/api.w.org\/{rel}","templated":true}]}}