{"id":80,"date":"2025-06-16T20:19:31","date_gmt":"2025-06-16T20:19:31","guid":{"rendered":"https:\/\/docpoint.fi\/?page_id=80"},"modified":"2025-12-11T12:36:53","modified_gmt":"2025-12-11T10:36:53","slug":"yhteistyokumppanit","status":"publish","type":"page","link":"https:\/\/www.docpoint.ee\/test\/info\/yhteistyokumppanit\/","title":{"rendered":"Yhteisty\u00f6kumppanit"},"content":{"rendered":"<section  class='av_textblock_section av-mig0rjkd-a49587a81ea64f4a8e7e4e598eb4e724 '   itemscope=\"itemscope\" itemtype=\"https:\/\/schema.org\/CreativeWork\" ><div class='avia_textblock'  itemprop=\"text\" ><h1>Yhteisty\u00f6kumppanit<\/h1>\n<h2>Tukijat ja p\u00e4\u00e4yhteisty\u00f6kumppanit<\/h2>\n<\/div><\/section>\n<div  class='hr av-16ke4-3bccb8a923313142b10876723d156123 hr-default  avia-builder-el-1  el_after_av_textblock  el_before_av_one_fourth '><span class='hr-inner '><span class=\"hr-inner-style\"><\/span><\/span><\/div>\n<div  class='flex_column av-av_one_fourth-2d22dc0500e159f2b39fe7a147caf14c av_one_fourth  avia-builder-el-2  el_after_av_hr  el_before_av_one_fourth  first flex_column_div  '     ><div  class='avia-logo-element-container av-mj1ariud-197214d87ea72727b480982a561b91de av-border-deactivate avia-logo-grid avia-content-slider avia-smallarrow-slider avia-content-grid-active noHover avia-content-slider-odd  avia-builder-el-3  avia-builder-el-no-sibling  avia-content-slider1' ><div class='avia-smallarrow-slider-heading  no-logo-slider-heading '><div class='new-special-heading'>&nbsp;<\/div><\/div><div class=\"avia-content-slider-inner\"><div class=\"slide-entry-wrap\"><div  class='slide-entry av-av_partner_logo-c4fd5c10d0bf57407078cfa7de7a0deb flex_column no_margin av_fullwidth real-thumbnail post-entry slide-entry-overview slide-loop-1 slide-parity-odd post-entry-last first'><span class='av-partner-fake-img' style='padding-bottom:57.7946768061%; background-image:url(https:\/\/www.docpoint.ee\/test\/wp-content\/uploads\/2025\/11\/SES_Logo_Suomi__Tall_Musta.png);'><\/span><\/div><\/div><\/div><\/div><\/div><div  class='flex_column av-av_one_fourth-3b0d446bf9e6f7db91541aa567be4cdf av_one_fourth  avia-builder-el-4  el_after_av_one_fourth  el_before_av_one_fourth  flex_column_div  '     ><div  class='avia-logo-element-container av-mj1asucm-6c6601cdb3a0aaa5ee08bcff2e5d4eb6 av-border-deactivate avia-logo-grid avia-content-slider avia-smallarrow-slider avia-content-grid-active noHover avia-content-slider-odd  avia-builder-el-5  avia-builder-el-no-sibling  avia-content-slider2' ><div class='avia-smallarrow-slider-heading  no-logo-slider-heading '><div class='new-special-heading'>&nbsp;<\/div><\/div><div class=\"avia-content-slider-inner\"><div class=\"slide-entry-wrap\"><div  class='slide-entry av-av_partner_logo-1e8a1ff21b8116f137e065356878a06e flex_column no_margin av_fullwidth real-thumbnail post-entry slide-entry-overview slide-loop-1 slide-parity-odd post-entry-last first'><span class='av-partner-fake-img' style='padding-bottom:46.3333333333%; background-image:url(https:\/\/www.docpoint.ee\/test\/wp-content\/uploads\/2025\/11\/helsinki-tunnus.png);'><\/span><\/div><\/div><\/div><\/div><\/div><div  class='flex_column av-av_one_fourth-3b0d446bf9e6f7db91541aa567be4cdf av_one_fourth  avia-builder-el-6  el_after_av_one_fourth  el_before_av_one_fourth  flex_column_div  '     ><div  class='avia-logo-element-container av-mj1at2w0-785eb18c53bb9871bb2e750aa5c84782 av-border-deactivate avia-logo-grid avia-content-slider avia-smallarrow-slider avia-content-grid-active noHover avia-content-slider-odd  avia-builder-el-7  avia-builder-el-no-sibling  avia-content-slider3' ><div class='avia-smallarrow-slider-heading  no-logo-slider-heading '><div class='new-special-heading'>&nbsp;<\/div><\/div><div class=\"avia-content-slider-inner\"><div class=\"slide-entry-wrap\"><div  class='slide-entry av-av_partner_logo-e7beea302ce99406b0d6c9528632d09b flex_column no_margin av_fullwidth real-thumbnail post-entry slide-entry-overview slide-loop-1 slide-parity-odd post-entry-last first'><span class='av-partner-fake-img' style='padding-bottom:36.7375886525%; background-image:url(https:\/\/www.docpoint.ee\/test\/wp-content\/uploads\/2025\/12\/OKM-tunnus-2R-fi-vaaka-musta-L100-RGB-705x259.jpg);'><\/span><\/div><\/div><\/div><\/div><\/div><div  class='flex_column av-av_one_fourth-3b0d446bf9e6f7db91541aa567be4cdf av_one_fourth  avia-builder-el-8  el_after_av_one_fourth  el_before_av_one_fourth  flex_column_div  '     ><div  class='avia-logo-element-container av-mj1atbki-29c1f7fa5cf4dfeb05c13dbb2e5cf1ad av-border-deactivate avia-logo-grid avia-content-slider avia-smallarrow-slider avia-content-grid-active noHover avia-content-slider-odd  avia-builder-el-9  avia-builder-el-no-sibling  avia-content-slider4' ><div class='avia-smallarrow-slider-heading  no-logo-slider-heading '><div class='new-special-heading'>&nbsp;<\/div><\/div><div class=\"avia-content-slider-inner\"><div class=\"slide-entry-wrap\"><div  class='slide-entry av-av_partner_logo-d8f1da54140aed5c3acf2717b0a8fa5b flex_column no_margin av_fullwidth real-thumbnail post-entry slide-entry-overview slide-loop-1 slide-parity-odd post-entry-last first'><span class='av-partner-fake-img' style='padding-bottom:100%; background-image:url(https:\/\/www.docpoint.ee\/test\/wp-content\/uploads\/2025\/11\/Yle-logo.jpg);'><\/span><\/div><\/div><\/div><\/div><\/div><div  class='flex_column av-av_one_fourth-2d22dc0500e159f2b39fe7a147caf14c av_one_fourth  avia-builder-el-10  el_after_av_one_fourth  el_before_av_one_fourth  first flex_column_div  column-top-margin'     ><div  class='avia-logo-element-container av-mj1au7rl-494323ffb2031fa12c61e0699490bf73 av-border-deactivate avia-logo-grid avia-content-slider avia-smallarrow-slider avia-content-grid-active noHover avia-content-slider-odd  avia-builder-el-11  avia-builder-el-no-sibling  avia-content-slider5' ><div class='avia-smallarrow-slider-heading  no-logo-slider-heading '><div class='new-special-heading'>&nbsp;<\/div><\/div><div class=\"avia-content-slider-inner\"><div class=\"slide-entry-wrap\"><div  class='slide-entry av-av_partner_logo-a989c878d83d09f00c7415265b72910c flex_column no_margin av_fullwidth real-thumbnail post-entry slide-entry-overview slide-loop-1 slide-parity-odd post-entry-last first'><span class='av-partner-fake-img' style='padding-bottom:100%; background-image:url(https:\/\/www.docpoint.ee\/test\/wp-content\/uploads\/2025\/12\/Jenny-ja-Antti-Wihurin-rahasto-musta-705x705.png);'><\/span><\/div><\/div><\/div><\/div><\/div><div  class='flex_column av-av_one_fourth-3b0d446bf9e6f7db91541aa567be4cdf av_one_fourth  avia-builder-el-12  el_after_av_one_fourth  el_before_av_one_fourth  flex_column_div  column-top-margin'     ><div  class='avia-logo-element-container av-mj1auh94-abb99db34cdd941366c17cd929764600 av-border-deactivate avia-logo-grid avia-content-slider avia-smallarrow-slider avia-content-grid-active noHover avia-content-slider-odd  avia-builder-el-13  avia-builder-el-no-sibling  avia-content-slider6' ><div class='avia-smallarrow-slider-heading  no-logo-slider-heading '><div class='new-special-heading'>&nbsp;<\/div><\/div><div class=\"avia-content-slider-inner\"><div class=\"slide-entry-wrap\"><div  class='slide-entry av-mj1aug8f-06dc003feb9a07483d9731efa6c6da7a flex_column no_margin av_fullwidth real-thumbnail post-entry slide-entry-overview slide-loop-1 slide-parity-odd post-entry-last first'><span class='av-partner-fake-img' style='padding-bottom:106.174698795%; background-image:url(https:\/\/www.docpoint.ee\/test\/wp-content\/uploads\/2025\/12\/Svenska_kulturfonden_logo_svart_RGB-664x705.jpg);'><\/span><\/div><\/div><\/div><\/div><\/div><div  class='flex_column av-av_one_fourth-3b0d446bf9e6f7db91541aa567be4cdf av_one_fourth  avia-builder-el-14  el_after_av_one_fourth  el_before_av_one_fourth  flex_column_div  column-top-margin'     ><div  class='avia-logo-element-container av-mj1aupwl-ea61d1c7e891359c564afe27f983a971 av-border-deactivate avia-logo-grid avia-content-slider avia-smallarrow-slider avia-content-grid-active noHover avia-content-slider-odd  avia-builder-el-15  avia-builder-el-no-sibling  avia-content-slider7' ><div class='avia-smallarrow-slider-heading  no-logo-slider-heading '><div class='new-special-heading'>&nbsp;<\/div><\/div><div class=\"avia-content-slider-inner\"><div class=\"slide-entry-wrap\"><div  class='slide-entry av-av_partner_logo-d952cea09e0e01c494f583d1701e46b1 flex_column no_margin av_fullwidth real-thumbnail post-entry slide-entry-overview slide-loop-1 slide-parity-odd post-entry-last first'><span class='av-partner-fake-img' style='padding-bottom:64.9645390071%; background-image:url(https:\/\/www.docpoint.ee\/test\/wp-content\/uploads\/2025\/12\/Amos_Andersons_Fond_LOGO3-705x458.png);'><\/span><\/div><\/div><\/div><\/div><\/div><div  class='flex_column av-av_one_fourth-3b0d446bf9e6f7db91541aa567be4cdf av_one_fourth  avia-builder-el-16  el_after_av_one_fourth  el_before_av_one_fourth  flex_column_div  column-top-margin'     ><div  class='avia-logo-element-container av-mj1auz4l-19cebfafa95055be27b2da8968873483 av-border-deactivate avia-logo-grid avia-content-slider avia-smallarrow-slider avia-content-grid-active noHover avia-content-slider-odd  avia-builder-el-17  avia-builder-el-no-sibling  avia-content-slider8' ><div class='avia-smallarrow-slider-heading  no-logo-slider-heading '><div class='new-special-heading'>&nbsp;<\/div><\/div><div class=\"avia-content-slider-inner\"><div class=\"slide-entry-wrap\"><div  class='slide-entry av-av_partner_logo-ad586795fce75b92d2770ddde151bbff flex_column no_margin av_fullwidth real-thumbnail post-entry slide-entry-overview slide-loop-1 slide-parity-odd post-entry-last first'><span class='av-partner-fake-img' style='padding-bottom:25.0574712644%; background-image:url(https:\/\/www.docpoint.ee\/test\/wp-content\/uploads\/2025\/10\/KKN-Logotype_UK_sin-2-1.png);'><\/span><\/div><\/div><\/div><\/div><\/div><div  class='flex_column av-av_one_fourth-2d22dc0500e159f2b39fe7a147caf14c av_one_fourth  avia-builder-el-18  el_after_av_one_fourth  avia-builder-el-last  first flex_column_div  column-top-margin'     ><div  class='avia-logo-element-container av-mj1avaao-e421b6b63d5864345a4f64d856794c0d av-border-deactivate avia-logo-grid avia-content-slider avia-smallarrow-slider avia-content-grid-active noHover avia-content-slider-odd  avia-builder-el-19  avia-builder-el-no-sibling  avia-content-slider9' ><div class='avia-smallarrow-slider-heading  no-logo-slider-heading '><div class='new-special-heading'>&nbsp;<\/div><\/div><div class=\"avia-content-slider-inner\"><div class=\"slide-entry-wrap\"><div  class='slide-entry av-mj1av9ux-b56292d511739e7537da8b76833ab3e0 flex_column no_margin av_fullwidth real-thumbnail post-entry slide-entry-overview slide-loop-1 slide-parity-odd post-entry-last first'><span class='av-partner-fake-img' style='padding-bottom:100%; background-image:url(https:\/\/www.docpoint.ee\/test\/wp-content\/uploads\/2025\/10\/AVEK_RGB-705x705.png);'><\/span><\/div><\/div><\/div><\/div><\/div><\/p>\n","protected":false},"excerpt":{"rendered":"","protected":false},"author":3,"featured_media":0,"parent":53,"menu_order":4,"comment_status":"closed","ping_status":"closed","template":"","meta":{"_acf_changed":false,"footnotes":""},"class_list":["post-80","page","type-page","status-publish","hentry"],"acf":[],"_links":{"self":[{"href":"https:\/\/www.docpoint.ee\/test\/wp-json\/wp\/v2\/pages\/80","targetHints":{"allow":["GET"]}}],"collection":[{"href":"https:\/\/www.docpoint.ee\/test\/wp-json\/wp\/v2\/pages"}],"about":[{"href":"https:\/\/www.docpoint.ee\/test\/wp-json\/wp\/v2\/types\/page"}],"author":[{"embeddable":true,"href":"https:\/\/www.docpoint.ee\/test\/wp-json\/wp\/v2\/users\/3"}],"replies":[{"embeddable":true,"href":"https:\/\/www.docpoint.ee\/test\/wp-json\/wp\/v2\/comments?post=80"}],"version-history":[{"count":5,"href":"https:\/\/www.docpoint.ee\/test\/wp-json\/wp\/v2\/pages\/80\/revisions"}],"predecessor-version":[{"id":2164,"href":"https:\/\/www.docpoint.ee\/test\/wp-json\/wp\/v2\/pages\/80\/revisions\/2164"}],"up":[{"embeddable":true,"href":"https:\/\/www.docpoint.ee\/test\/wp-json\/wp\/v2\/pages\/53"}],"wp:attachment":[{"href":"https:\/\/www.docpoint.ee\/test\/wp-json\/wp\/v2\/media?parent=80"}],"curies":[{"name":"wp","href":"https:\/\/api.w.org\/{rel}","templated":true}]}}