{"id":1622,"date":"2025-12-04T22:11:41","date_gmt":"2025-12-04T20:11:41","guid":{"rendered":"https:\/\/docpoint.fi\/?page_id=1622"},"modified":"2025-12-08T14:18:39","modified_gmt":"2025-12-08T12:18:39","slug":"sarjakortit","status":"publish","type":"page","link":"https:\/\/www.docpoint.ee\/test\/sarjakortit\/","title":{"rendered":"Sarjakortit"},"content":{"rendered":"<div id='full_slider_1'  class='avia-fullwidth-slider main_color avia-shadow   avia-builder-el-0  el_before_av_textblock  avia-builder-el-first   container_wrap sidebar_right'  ><div  class='avia-slideshow av-mirvdx5y-896e53421c2e2e4ca9971d8edec85f16 avia-slideshow-featured av_slideshow_full avia-slide-slider av-slideshow-ui av-control-default av-slideshow-manual av-loop-once av-loop-manual-endless av-default-height-applied   avia-slideshow-1' data-slideshow-options=\"{&quot;animation&quot;:&quot;slide&quot;,&quot;autoplay&quot;:false,&quot;loop_autoplay&quot;:&quot;once&quot;,&quot;interval&quot;:5,&quot;loop_manual&quot;:&quot;manual-endless&quot;,&quot;autoplay_stopper&quot;:false,&quot;noNavigation&quot;:false,&quot;bg_slider&quot;:false,&quot;keep_padding&quot;:false,&quot;hoverpause&quot;:false,&quot;show_slide_delay&quot;:0}\"  itemprop=\"image\" itemscope=\"itemscope\" itemtype=\"https:\/\/schema.org\/ImageObject\" ><ul class='avia-slideshow-inner ' style='padding-bottom: 28.6666666667%;'><li  class='avia-slideshow-slide av-mirvdx5y-896e53421c2e2e4ca9971d8edec85f16__0  av-single-slide slide-1 slide-odd'><div data-rel='slideshow-1' class='avia-slide-wrap '   ><img decoding=\"async\" fetchpriority=\"high\" class=\"wp-image-1248 avia-img-lazy-loading-not-1248\"  src=\"https:\/\/www.docpoint.ee\/test\/wp-content\/uploads\/2025\/11\/240130-Alejandro-Ramirez-Neurotyypit-1-1-1500x430.jpg\" width=\"1500\" height=\"430\" title='240130-Alejandro-Ramirez-Neurotyypit-1 (1)' alt=''  itemprop=\"thumbnailUrl\"   \/><\/div><\/li><\/ul><\/div><\/div><div id='after_full_slider_1'  class='main_color av_default_container_wrap container_wrap sidebar_right'  ><div class='container av-section-cont-open' ><div class='template-page content  av-content-small alpha units'><div class='post-entry post-entry-type-page post-entry-1622'><div class='entry-content-wrapper clearfix'>\n<section  class='av_textblock_section av-mirveg9n-0264abb7de93b0698b019c3464f1fd8a '   itemscope=\"itemscope\" itemtype=\"https:\/\/schema.org\/CreativeWork\" ><div class='avia_textblock'  itemprop=\"text\" ><h1>Sarjakortit<\/h1>\n<p>[eventio_product_list]<\/p>\n<p><span style=\"font-weight: 400;\">DocPoint \u2014 Helsingin dokumenttielokuvafestivaalin 3.-8.2.2026 sarjakortit ovat myynniss\u00e4 nyt. Early Bird sarjakortin voit ostaa verkkokaupasta ja Kino Reginan lipunmyyntipisteelt\u00e4<\/span><span style=\"font-weight: 400;\">.<\/span><\/p>\n<p><span style=\"font-weight: 400;\">Sarjakortteja on kolmea erilaista:<\/span><\/p>\n<ul>\n<li style=\"font-weight: 400;\" aria-level=\"1\"><span style=\"font-weight: 400;\">3 lippua 40 \u20ac (Myynniss\u00e4 30.12.2025 alkaen)<\/span><\/li>\n<li style=\"font-weight: 400;\" aria-level=\"1\"><span style=\"font-weight: 400;\">5 lippua 60 \u20ac (Early Bird 30.12.2025 asti 55 \u20ac)<\/span><\/li>\n<li style=\"font-weight: 400;\" aria-level=\"1\"><span style=\"font-weight: 400;\">10 lippua 110 \u20ac (Early Bird 30.12.2025 asti 100 \u20ac)<\/span><\/li>\n<\/ul>\n<p><b>Alennusryhmien sarjakortit<\/b><\/p>\n<ul>\n<li style=\"font-weight: 400;\" aria-level=\"1\"><span style=\"font-weight: 400;\">5 lippua 48 \u20ac\u00a0 (<\/span><span style=\"font-weight: 400;\">Early bird 30.12.2025 asti<\/span><span style=\"font-weight: 400;\"> 42,5 \u20ac)<\/span><span style=\"font-weight: 400;\"><br \/>\n<\/span><span style=\"font-weight: 400;\">10 lippua 88 \u20ac\u00a0 (<\/span><span style=\"font-weight: 400;\">Early bird 30.12.2025 asti<\/span><span style=\"font-weight: 400;\"> 80 \u20ac)<\/span><\/li>\n<\/ul>\n<p><span style=\"font-weight: 400;\">Opiskelijat, ty\u00f6nhakijat ja 65 vuotta t\u00e4ytt\u00e4neet voivat hankkia sarjakortin alennettuun hintaan verkkokaupasta ja lipunmyyntipisteilt\u00e4. Varaudu esitt\u00e4m\u00e4\u00e4n alennukseen oikeuttava todistus (opiskelijakortti, kuva Ty\u00f6markkinatorin asiointisivusta tai kuvallinen henkil\u00f6llisyystodistus) saapuessasi elokuvan\u00e4yt\u00f6kseen.<\/span><\/p>\n<p><span style=\"font-weight: 400;\">Sarjakortit eiv\u00e4t ole henkil\u00f6kohtaisia, eli yhdell\u00e4 sarjakortilla voi lunastaa useita lippuja samaan n\u00e4yt\u00f6kseen. Alennusryhmien sarjakortin voivat jakaa alennusryhmiin kuuluvat henkil\u00f6t. Kulttuuriedulla maksettu sarjakortti on henkil\u00f6kohtainen.<\/span><span style=\"font-weight: 400;\"><br \/>\n<\/span><span style=\"font-weight: 400;\">Ostetuilla sarjakorteilla ei ole vaihto- eik\u00e4 palautusoikeutta.<\/span><\/p>\n<p><span style=\"font-weight: 400;\">Sarjakortilla voi lunastaa lippuja kaikkiin festivaalin\u00e4yt\u00f6ksiin lukuun ottamatta erikois- ja ilmaisn\u00e4yt\u00f6ksi\u00e4. Sarjakortin koodilla voi lunastaa n\u00e4yt\u00f6slippuja verkkokaupassa ja Kino Reginan lipunmyyntipisteell\u00e4 elokuvien esittelysivujen kautta 13.1.2025 alkaen. Festivaalin aikana lippuja voi lunastaa my\u00f6s DocPointin lipunmyyntipisteill\u00e4.<\/span><span style=\"font-weight: 400;\"><br \/>\n<\/span><span style=\"font-weight: 400;\">Kaikkia sarjakortin lippuja ei tarvitse lunastaa kerralla.<\/span><span style=\"font-weight: 400;\"><br \/>\n<\/span><a href=\"https:\/\/docpointfestival.fi\/lippujen-myynti-ja-peruutusehdot\/\"><span style=\"font-weight: 400;\"><br \/>\n<\/span><\/a><b>Miten lunastan sarjakortilla lippuja verkossa?<\/b><\/p>\n<p><span style=\"font-weight: 400;\">Ostaessasi sarjakortin saat s\u00e4hk\u00f6postitse sarjakorttikoodin, joka on yhdistelm\u00e4 numeroita ja kirjaimia (esim. 110509HK3MX), jolla voit lunastaa lippuja DocPointin verkkokaupasta. <\/span><span style=\"font-weight: 400;\">Kun olet l\u00f6yt\u00e4nyt elokuvan, johon haluaisit lunastaa lipun, toimi n\u00e4in:<\/span><span style=\"font-weight: 400;\"><br \/>\n<\/span><span style=\"font-weight: 400;\">1) Klikkaa ostoskori-painiketta elokuvan sivulla. Lippukaupan sivu aukeaa uuteen ikkunaan<\/span><span style=\"font-weight: 400;\"><br \/>\n<\/span><span style=\"font-weight: 400;\">2) Lippukaupassa sy\u00f6t\u00e4 sarjakortin koodi sille varattuun kentt\u00e4\u00e4n ja klikkaa \u201cLis\u00e4\u00e4 sarjakortti\/vapaalippu\u201d <\/span><span style=\"font-weight: 400;\"><br \/>\n<\/span><span style=\"font-weight: 400;\">3) Valitse 0\u20ac -hintaiset sarjakorttiliput ostoskorissa ja hyv\u00e4ksy tapahtuma TAI<\/span><span style=\"font-weight: 400;\"><br \/>\n<\/span><span style=\"font-weight: 400;\">4) Jos haluat lunastaa lippuja my\u00f6s muihin elokuviin, klikkaa \u201clis\u00e4\u00e4 muita tuotteita koriin\u201d, ohjaudut takaisin ohjelmistosivulle ja voit valita lippuja muihin n\u00e4yt\u00f6ksiin.<\/span><\/p>\n<\/div><\/section>\n","protected":false},"excerpt":{"rendered":"","protected":false},"author":6,"featured_media":0,"parent":0,"menu_order":0,"comment_status":"closed","ping_status":"closed","template":"","meta":{"_acf_changed":false,"footnotes":""},"class_list":["post-1622","page","type-page","status-publish","hentry"],"acf":[],"_links":{"self":[{"href":"https:\/\/www.docpoint.ee\/test\/wp-json\/wp\/v2\/pages\/1622","targetHints":{"allow":["GET"]}}],"collection":[{"href":"https:\/\/www.docpoint.ee\/test\/wp-json\/wp\/v2\/pages"}],"about":[{"href":"https:\/\/www.docpoint.ee\/test\/wp-json\/wp\/v2\/types\/page"}],"author":[{"embeddable":true,"href":"https:\/\/www.docpoint.ee\/test\/wp-json\/wp\/v2\/users\/6"}],"replies":[{"embeddable":true,"href":"https:\/\/www.docpoint.ee\/test\/wp-json\/wp\/v2\/comments?post=1622"}],"version-history":[{"count":5,"href":"https:\/\/www.docpoint.ee\/test\/wp-json\/wp\/v2\/pages\/1622\/revisions"}],"predecessor-version":[{"id":1746,"href":"https:\/\/www.docpoint.ee\/test\/wp-json\/wp\/v2\/pages\/1622\/revisions\/1746"}],"wp:attachment":[{"href":"https:\/\/www.docpoint.ee\/test\/wp-json\/wp\/v2\/media?parent=1622"}],"curies":[{"name":"wp","href":"https:\/\/api.w.org\/{rel}","templated":true}]}}